 + q. What is the highest common divisor of g and 150?
10
Suppose 0*x - 63*x + 10336 = 13*x. What is the highest common divisor of x and 663?
17
Suppose 601 = 26*t + 289. Calculate the greatest common factor of t and 7908.
12
Suppose 35*i - 13*i - 13860 = -62*i. Calculate the greatest common factor of i and 105.
15
Let y(q) be the first derivative of -2*q**3/3 + 13*q**2 + q + 32. Let v be y(13). Suppose 4*w - 5*w = -v. What is the highest common factor of 11 and w?
1
Suppose -2*q - r + 2 = 0, -q = 3*q - 2*r - 12. Suppose -2*u = -4*a + 1294, -q = 3*u + 7. Suppose 6*i = -i + a. Calculate the highest common divisor of i and 23.
23
Let a(t) = 18*t - 55. Let y be a(8). Let j = 91 - y. Calculate the greatest common divisor of j and 1.
1
Let l = -53 - -26. Suppose -t + 0*h = 3*h + 23, 2*t - 2*h + 30 = 0. Let g = t - l. What is the greatest common divisor of 1 and g?
1
Let q = -50 + 126. Suppose 2*y + 2*w = -88, -2*y = 4*w + 10 + q. Let b be 80/15*y/(-20). What is the highest common factor of 2 and b?
2
Let a(w) = 5*w**2 + 2*w + 1. Let p be a(2). Let c be (-1 - -57) + (40 - (100 + -39)). What is the highest common divisor of c and p?
5
Suppose 0 = -3*b + 3*o + 756, 3*b + 3*o = -0*b + 750. Calculate the highest common divisor of 1 and b.
1
Suppose 1935*y - 1919*y = 528. Calculate the greatest common factor of 177 and y.
3
Suppose -12*s - 572 = -s. Let t = 84 + s. Calculate the highest common factor of t and 128.
32
Suppose -25*i + 65328 + 31056 = 2309. Calculate the highest common factor of 71 and i.
71
Suppose 0 = 5*p - 7*h + 6*h - 803, -p + 157 = -2*h. Let j = p + -152. Suppose 5*y = 623 - 218. What is the greatest common divisor of j and y?
9
Let v = 480 + -490. Let b be (-10 + (8 - -4))/((-1)/v). Calculate the highest common factor of 500 and b.
20
Let r(h) = -h**2 - 10*h + 1. Let z be r(-7). Let b be 720 - ((4 - 1) + -10). Let a = b - 694. What is the greatest common factor of a and z?
11
Suppose -5*f - 141 = -8*f. Let u = 469 + 63. Suppose m + 3*w + u = 2*m, 0 = 4*m - 3*w - 2083. Calculate the highest common factor of m and f.
47
Suppose 1873*l - 1871*l - 560 = 0. Calculate the greatest common divisor of l and 595.
35
Let a be 4/(-2) - 80/(-2). Suppose -26*j = 125*j - 14345. What is the highest common factor of a and j?
19
Let h(b) = 2*b - 30. Let n be h(16). Let w(k) = -4*k**2 + 5*k - 3. Let a be w(n). Let f = a + 26. Calculate the highest common divisor of f and 136.
17
Let b(i) = -i**3 + 33*i**2 + 38*i - 88. Let c be b(34). Suppose -49*l = 3*w - c*l - 522, -5*l - 890 = -5*w. Calculate the highest common factor of 35 and w.
35
Let q be (9 - 5)*(-3)/4 + 396. Calculate the highest common factor of 3 and q.
3
Let y = 31 + -25. Let m(n) = n**3 - 7*n**2 + 2*n - 12. Let t be m(7). Let o = 13 + t. What is the greatest common factor of y and o?
3
Suppose 161*h - 47090 - 35342 = 0. Calculate the greatest common divisor of 88 and h.
8
Let j be 9*(-8)/180 + 54514/10. What is the greatest common factor of j and 138?
69
Let t be (52/5)/(3/15). Let w = 195 - 13. What is the greatest common divisor of t and w?
26
Suppose 5*x + 2*a - 446 = 0, a + 196 = 4*x - 153. Let h be 3 - 5 - 74*-3. What is the highest common divisor of h and x?
44
Let o be (7/3 + -1)*2793/(-38). Let v = -88 - o. Suppose -11*g = -v*g - 50. What is the highest common divisor of g and 20?
10
Suppose -9*u + 5*u = -f - 1840, -4*u = 3*f - 1824. Let h = 627 - u. Calculate the highest common divisor of 294 and h.
42
Let i(a) = 29*a**2 - 33*a - 215. Let q be i(-8). Calculate the highest common factor of q and 75.
15
Suppose 5*x - 2*x - 114 = 2*l, 3*x = 3*l + 117. Let u = 51 + -46. Let y be 23 + -1 - (u + 4 + -5). What is the greatest common factor of x and y?
18
Let j = 4351 - 3769. Calculate the highest common divisor of 6208 and j.
194
Suppose 2*u = -5*m - 74 + 1228, -4*u - 884 = -4*m. What is the greatest common divisor of m and 1152?
12
Suppose 42*m - 47*m - 4*x = -11451, 4*x = 3*m - 6877. What is the highest common factor of 158 and m?
79
Let u(w) = 0*w - 23 - w + 30 + 18. Let p be u(2). Calculate the greatest common factor of p and 253.
23
Let p be 8200/65 + 3*(-4)/78. Let z(v) = -2*v + 8. Let q be z(-5). Calculate the greatest common divisor of q and p.
18
Suppose 2*v = -2*s + 152, 5*s + 49*v = 45*v + 376. Suppose -2*h + 2*d + 22 = -2*d, -d = -2*h + 19. What is the greatest common factor of h and s?
9
Let p be 258/10 - (-28)/(-35). Suppose y = -5*g - 43, 0 = -2*g - 0*g + y - 20. Let v be (40/(-24))/(3/g). Calculate the highest common factor of v and p.
5
Suppose 14*n - 242 = -19*s + 16*s, -4*n + 28 = 0. Let z = -41 + 95. Let v = z + -18. What is the greatest common divisor of v and s?
12
Suppose -3*g - 370 = -13*g. Let j(w) = 148*w**2. Let k be j(-1). What is the highest common factor of k and g?
37
Let y(r) = -13*r + 40. Let t be y(-8). Suppose 116*z = 125*z - t. Let q = 7 + -3. Calculate the highest common factor of q and z.
4
Suppose 0 = f + 4*c - 14, 5*c = 5*f + 3*c - 92. Suppose -2*k = 247 - 149. Let l = k + 51. What is the greatest common divisor of l and f?
2
Suppose 9 = 2*k + 1. Suppose m = k*m - 27. Suppose -4*b - 495 = -m*b. Calculate the greatest common divisor of 9 and b.
9
Suppose n = 2*n + 240. Let i be (-4)/(-6) + n/36. Let r be i/(24/(-100)) + -1. Calculate the greatest common factor of 12 and r.
12
Let k(d) = -404*d + 34031. Let a be k(84). Let c be (-2)/1*10/(-4). Calculate the highest common divisor of c and a.
5
Suppose 40*i - i = 390. Let c be 14/(-84) - 38/(-12). Let f = 5 - c. What is the greatest common divisor of i and f?
2
Suppose 13*l - 18*l = 4*z - 1, -1 = -l. Let k be (30/5)/(-3)*(-13 + z). Calculate the greatest common factor of 126 and k.
14
Let p(u) = -2*u**2 + 57*u + 13. Let i(l) = -6*l**2 + 172*l + 39. Let s(v) = 2*i(v) - 7*p(v). Let d be s(28). Calculate the greatest common divisor of d and 285.
15
Let w = 6561 - 6558. Let j be (-6)/(2 + 0)*-1. Suppose -5*g = 3*l - 4*l - 289, j*g = -l + 167. Calculate the highest common factor of g and w.
3
Let y be 860 - 1 - (-4)/(8/10). Let x be (-156)/39*(-48)/1. What is the greatest common divisor of x and y?
96
Suppose 15*v - 10*v - 60 = 0. Suppose 16*f - 648 = v*f. Let p be (2/4)/(5/180). What is the greatest common factor of f and p?
18
Suppose 93*i + 129*i - 451548 = 0. What is the greatest common factor of i and 6?
6
Suppose -13*p = 4*p - 4*p. Suppose 2*z + 2*v = -p*z + 46, -5*z - v + 95 = 0. Let a = 229 - 157. What is the highest common divisor of z and a?
18
Let k = -68 - -103. Let z be 10/k + 3770/35. What is the greatest common divisor of 12 and z?
12
Let z(l) = -80*l + 99. Let p be z(1). Suppose 0 = 6*y - 1685 - 1849. What is the highest common divisor of p and y?
19
Let i be (-78)/18 - -5 - (-10)/3. Suppose -35 = y - 2*y + 5*k, 3*k = -i*y + 48. Let x be 5*y*24/100. Calculate the highest common divisor of x and 18.
18
Let d(n) = -7*n - 38. Let i be d(-6). Let r be i/(-26) - 252/52. Let z be (1095/(-9))/r + 2/3. What is the highest common divisor of z and 200?
25
Suppose -83*l + 78*l = -165. Let k be 2 + -274*2*l/(-44). Let y = k + -243. What is the highest common factor of y and 68?
34
Suppose 2*r - 12 = -j + 12, 0 = -r + 3*j + 12. Let y = -106 + 112. Let b(z) = z**2 + 3*z - 36. Let a be b(y). What is the highest common factor of a and r?
6
Let c = 159 - 27. Let o be -3*4*(-9)/6. Let r = o + -7. Calculate the greatest common divisor of c and r.
11
Suppose -5789 = -43*i + 17603. What is the highest common divisor of 493 and i?
17
Let n be (-25 - -20) + 86/8 - (-3)/(-4). What is the greatest common factor of 3505 and n?
5
Suppose -7*z - 2*u = -19099, 4*z - 7591 = u + 3312. Calculate the greatest common divisor of z and 808.
101
Let j be ((-30)/12 + 5)/((-15)/(-78)). What is the greatest common divisor of j and 1027?
13
Suppose 94 = -5*g + 34. Let y be (-1216)/(-95) - (1 - g/(-10)). Calculate the greatest common divisor of 5 and y.
1
Let l(o) = -12*o**2 - 18*o + 24. Let x(r) = -3*r**2 - 5*r + 6. Let b(c) = -4*l(c) + 15*x(c). Let g be b(-5). Calculate the highest common divisor of 105 and g.
21
Let r be ((-4)/6)/((-16)/72). Suppose -52 = -j - 4*l, r*l = -3*j + 7*l + 236. What is the greatest common factor of 1008 and j?
72
Let u(g) = -g**3 - 33*g**2 - 59*g - 11. Let w be u(-31). Let s = w + 184. Calculate th